{"id":55,"date":"2024-10-06T15:31:38","date_gmt":"2024-10-06T15:31:38","guid":{"rendered":"https:\/\/ambition21.fr\/?page_id=55"},"modified":"2025-02-06T10:11:27","modified_gmt":"2025-02-06T10:11:27","slug":"action-1-lintelligence-collective-pour-reussir","status":"publish","type":"page","link":"https:\/\/ambition21.fr\/?page_id=55","title":{"rendered":"Action 1 : L&rsquo;intelligence collective pour r\u00e9ussir"},"content":{"rendered":"\n<h3 class=\"wp-block-heading\"><strong>Objectifs vis\u00e9s, r\u00e9sultats attendus de l&rsquo;action<\/strong><\/h3>\n\n\n\n<ul class=\"wp-block-list\">\n<li>Axe 1 : Am\u00e9liorer l&rsquo;environnement scolaire de l&rsquo;\u00e9l\u00e8ve pour le rendre agr\u00e9able et propice au travail et \u00e0 la cr\u00e9ation, par une d\u00e9marche collaborative de design-thinking. Accompagner les \u00e9tablissements dans leurs r\u00e9flexions sur l&rsquo;\u00e9volution des espaces scolaires avec le num\u00e9rique. Mettre \u00e0 dispositions des \u00e9l\u00e8ves des ressources pour l&rsquo;apprentissage collaboratif.<\/li>\n\n\n\n<li>Axe 2 : D\u00e9velopper des pratiques p\u00e9dagogiques propices \u00e0 un climat scolaire positif et favorisant le bien-\u00eatre, en fournissant des ressources num\u00e9riques et des mat\u00e9riels innovants ainsi qu&rsquo;un accompagnement. Accompagner les usages de l&rsquo;internet pour former des \u00ab cybercitoyens \u00bb \u00e9clair\u00e9s. Encourager la r\u00e9flexion et le d\u00e9bat citoyen.<\/li>\n\n\n\n<li>Axe 3 : Par la cr\u00e9ation, l&rsquo;industrialisation et l&rsquo;essaimage de jeux avec et par les \u00e9l\u00e8ves, favoriser leur engagement, d\u00e9velopper des capacit\u00e9s logiques, de d\u00e9duction, d&rsquo;entraide. Exp\u00e9rimenter des dispositifs ludo-p\u00e9dagogiques pour mettre en \u00e9vidence les acquis des apprentissages par le jeu.<\/li>\n<\/ul>\n\n\n\n<figure class=\"wp-block-image aligncenter size-full is-resized is-style-default\"><img loading=\"lazy\" decoding=\"async\" width=\"1024\" height=\"27\" src=\"https:\/\/ambition21.fr\/wp-content\/uploads\/2025\/02\/image.png\" alt=\"L\u2019attribut alt de cette image est vide, son nom de fichier est bande-couleur-1024x27.png.\" class=\"wp-image-601\" style=\"width:1200px;height:auto\" srcset=\"https:\/\/ambition21.fr\/wp-content\/uploads\/2025\/02\/image.png 1024w, https:\/\/ambition21.fr\/wp-content\/uploads\/2025\/02\/image-300x8.png 300w, https:\/\/ambition21.fr\/wp-content\/uploads\/2025\/02\/image-768x20.png 768w\" sizes=\"auto, (max-width: 1024px) 100vw, 1024px\" \/><\/figure>\n\n\n\n<h3 class=\"wp-block-heading\"><strong>Moyens pr\u00e9vus et modalit\u00e9s de mise en \u0153uvre de l&rsquo;action<\/strong><\/h3>\n\n\n\n<ul class=\"wp-block-list\">\n<li>Groupe de travail et de production sur la d\u00e9marche collaborative, s\u00e9minaires et formations<\/li>\n\n\n\n<li>Production de fiches p\u00e9dagogiques, de guides d&rsquo;utilisation des outils, de capsules vid\u00e9o avec des t\u00e9moignages d&rsquo;\u00e9l\u00e8ves, exp\u00e9rimentations dans les classes<\/li>\n\n\n\n<li>Mat\u00e9rialisation des dispositifs produits par le GTP, apr\u00e8s exp\u00e9rimentation<\/li>\n\n\n\n<li>Essaimage dans les tiers-lieux par des ateliers pour les \u00e9l\u00e8ves<\/li>\n\n\n\n<li>Hackathons avec les usagers de l&rsquo;environnement scolaire pour am\u00e9nager les espaces<\/li>\n\n\n\n<li>Fabrication d&rsquo;objets p\u00e9dagogiques pour permettre l&rsquo;apprentissage en d\u00e9marche collaborative<\/li>\n\n\n\n<li>Accompagnement pas des experts du domaine<\/li>\n\n\n\n<li>Supports de communication<\/li>\n\n\n\n<li>Constitution des biblioth\u00e8ques bien-\u00eatre<\/li>\n\n\n\n<li>Site compagnon en appui des biblioth\u00e8ques bien-\u00eatre<\/li>\n\n\n\n<li>Adaptation du kit de mise en d\u00e9bat au niveau lyc\u00e9en<\/li>\n\n\n\n<li>Accompagnement des \u00e9l\u00e8ves par des associations de s\u00e9niors du commerce et de l&rsquo;industrie<\/li>\n\n\n\n<li>Cr\u00e9ation de jeux s\u00e9rieux par les \u00e9l\u00e8ves<\/li>\n\n\n\n<li>Industrialisation et essaimage des jeux cr\u00e9\u00e9s.<\/li>\n<\/ul>\n\n\n\n<p><\/p>\n","protected":false},"excerpt":{"rendered":"<p>Objectifs vis\u00e9s, r\u00e9sultats attendus de l&rsquo;action Moyens pr\u00e9vus et modalit\u00e9s de mise en \u0153uvre de l&rsquo;action<\/p>\n","protected":false},"author":2,"featured_media":445,"parent":0,"menu_order":0,"comment_status":"closed","ping_status":"closed","template":"","meta":{"_uag_custom_page_level_css":"","site-sidebar-layout":"default","site-content-layout":"","ast-site-content-layout":"","site-content-style":"default","site-sidebar-style":"default","ast-global-header-display":"","ast-banner-title-visibility":"","ast-main-header-display":"","ast-hfb-above-header-display":"","ast-hfb-below-header-display":"","ast-hfb-mobile-header-display":"","site-post-title":"","ast-breadcrumbs-content":"","ast-featured-img":"","footer-sml-layout":"","theme-transparent-header-meta":"","adv-header-id-meta":"","stick-header-meta":"","header-above-stick-meta":"","header-main-stick-meta":"","header-below-stick-meta":"","astra-migrate-meta-layouts":"default","ast-page-background-enabled":"default","ast-page-background-meta":{"desktop":{"background-color":"var(--ast-global-color-4)","background-image":"","background-repeat":"repeat","background-position":"center center","background-size":"auto","background-attachment":"scroll","background-type":"","background-media":"","overlay-type":"","overlay-color":"","overlay-opacity":"","overlay-gradient":""},"tablet":{"background-color":"","background-image":"","background-repeat":"repeat","background-position":"center center","background-size":"auto","background-attachment":"scroll","background-type":"","background-media":"","overlay-type":"","overlay-color":"","overlay-opacity":"","overlay-gradient":""},"mobile":{"background-color":"","background-image":"","background-repeat":"repeat","background-position":"center center","background-size":"auto","background-attachment":"scroll","background-type":"","background-media":"","overlay-type":"","overlay-color":"","overlay-opacity":"","overlay-gradient":""}},"ast-content-background-meta":{"desktop":{"background-color":"var(--ast-global-color-5)","background-image":"","background-repeat":"repeat","background-position":"center center","background-size":"auto","background-attachment":"scroll","background-type":"","background-media":"","overlay-type":"","overlay-color":"","overlay-opacity":"","overlay-gradient":""},"tablet":{"background-color":"var(--ast-global-color-5)","background-image":"","background-repeat":"repeat","background-position":"center center","background-size":"auto","background-attachment":"scroll","background-type":"","background-media":"","overlay-type":"","overlay-color":"","overlay-opacity":"","overlay-gradient":""},"mobile":{"background-color":"var(--ast-global-color-5)","background-image":"","background-repeat":"repeat","background-position":"center center","background-size":"auto","background-attachment":"scroll","background-type":"","background-media":"","overlay-type":"","overlay-color":"","overlay-opacity":"","overlay-gradient":""}},"footnotes":""},"class_list":["post-55","page","type-page","status-publish","has-post-thumbnail","hentry"],"yoast_head":"<!-- This site is optimized with the Yoast SEO plugin v24.5 - https:\/\/yoast.com\/wordpress\/plugins\/seo\/ -->\n<title>Action 1 : L&#039;intelligence collective pour r\u00e9ussir -<\/title>\n<meta name=\"robots\" content=\"index, follow, max-snippet:-1, max-image-preview:large, max-video-preview:-1\" \/>\n<link rel=\"canonical\" href=\"https:\/\/ambition21.fr\/?page_id=55\" \/>\n<meta property=\"og:locale\" content=\"fr_FR\" \/>\n<meta property=\"og:type\" content=\"article\" \/>\n<meta property=\"og:title\" content=\"Action 1 : L&#039;intelligence collective pour r\u00e9ussir -\" \/>\n<meta property=\"og:description\" content=\"Objectifs vis\u00e9s, r\u00e9sultats attendus de l&rsquo;action Moyens pr\u00e9vus et modalit\u00e9s de mise en \u0153uvre de l&rsquo;action\" \/>\n<meta property=\"og:url\" content=\"https:\/\/ambition21.fr\/?page_id=55\" \/>\n<meta property=\"article:modified_time\" content=\"2025-02-06T10:11:27+00:00\" \/>\n<meta property=\"og:image\" content=\"https:\/\/ambition21.fr\/wp-content\/uploads\/2024\/11\/Action-1-scaled-1.jpg\" \/>\n\t<meta property=\"og:image:width\" content=\"2560\" \/>\n\t<meta property=\"og:image:height\" content=\"1707\" \/>\n\t<meta property=\"og:image:type\" content=\"image\/jpeg\" \/>\n<meta name=\"twitter:card\" content=\"summary_large_image\" \/>\n<meta name=\"twitter:label1\" content=\"Dur\u00e9e de lecture estim\u00e9e\" \/>\n\t<meta name=\"twitter:data1\" content=\"2 minutes\" \/>\n<script type=\"application\/ld+json\" class=\"yoast-schema-graph\">{\"@context\":\"https:\/\/schema.org\",\"@graph\":[{\"@type\":\"WebPage\",\"@id\":\"https:\/\/ambition21.fr\/?page_id=55\",\"url\":\"https:\/\/ambition21.fr\/?page_id=55\",\"name\":\"Action 1 : L'intelligence collective pour r\u00e9ussir -\",\"isPartOf\":{\"@id\":\"https:\/\/ambition21.fr\/#website\"},\"primaryImageOfPage\":{\"@id\":\"https:\/\/ambition21.fr\/?page_id=55#primaryimage\"},\"image\":{\"@id\":\"https:\/\/ambition21.fr\/?page_id=55#primaryimage\"},\"thumbnailUrl\":\"https:\/\/ambition21.fr\/wp-content\/uploads\/2024\/11\/Action-1-scaled-1.jpg\",\"datePublished\":\"2024-10-06T15:31:38+00:00\",\"dateModified\":\"2025-02-06T10:11:27+00:00\",\"breadcrumb\":{\"@id\":\"https:\/\/ambition21.fr\/?page_id=55#breadcrumb\"},\"inLanguage\":\"fr-FR\",\"potentialAction\":[{\"@type\":\"ReadAction\",\"target\":[\"https:\/\/ambition21.fr\/?page_id=55\"]}]},{\"@type\":\"ImageObject\",\"inLanguage\":\"fr-FR\",\"@id\":\"https:\/\/ambition21.fr\/?page_id=55#primaryimage\",\"url\":\"https:\/\/ambition21.fr\/wp-content\/uploads\/2024\/11\/Action-1-scaled-1.jpg\",\"contentUrl\":\"https:\/\/ambition21.fr\/wp-content\/uploads\/2024\/11\/Action-1-scaled-1.jpg\",\"width\":2560,\"height\":1707},{\"@type\":\"BreadcrumbList\",\"@id\":\"https:\/\/ambition21.fr\/?page_id=55#breadcrumb\",\"itemListElement\":[{\"@type\":\"ListItem\",\"position\":1,\"name\":\"Accueil\",\"item\":\"https:\/\/ambition21.fr\/\"},{\"@type\":\"ListItem\",\"position\":2,\"name\":\"Action 1 : L&rsquo;intelligence collective pour r\u00e9ussir\"}]},{\"@type\":\"WebSite\",\"@id\":\"https:\/\/ambition21.fr\/#website\",\"url\":\"https:\/\/ambition21.fr\/\",\"name\":\"Ambition 21\",\"description\":\"Former tous les talents aux comp\u00e9tences du 21\u00e8me s\u00e8cle\",\"publisher\":{\"@id\":\"https:\/\/ambition21.fr\/#organization\"},\"potentialAction\":[{\"@type\":\"SearchAction\",\"target\":{\"@type\":\"EntryPoint\",\"urlTemplate\":\"https:\/\/ambition21.fr\/?s={search_term_string}\"},\"query-input\":{\"@type\":\"PropertyValueSpecification\",\"valueRequired\":true,\"valueName\":\"search_term_string\"}}],\"inLanguage\":\"fr-FR\"},{\"@type\":\"Organization\",\"@id\":\"https:\/\/ambition21.fr\/#organization\",\"name\":\"Ambition 21\",\"url\":\"https:\/\/ambition21.fr\/\",\"logo\":{\"@type\":\"ImageObject\",\"inLanguage\":\"fr-FR\",\"@id\":\"https:\/\/ambition21.fr\/#\/schema\/logo\/image\/\",\"url\":\"https:\/\/ambition21.fr\/wp-content\/uploads\/2024\/10\/cropped-logo-site-1.png\",\"contentUrl\":\"https:\/\/ambition21.fr\/wp-content\/uploads\/2024\/10\/cropped-logo-site-1.png\",\"width\":743,\"height\":136,\"caption\":\"Ambition 21\"},\"image\":{\"@id\":\"https:\/\/ambition21.fr\/#\/schema\/logo\/image\/\"}}]}<\/script>\n<!-- \/ Yoast SEO plugin. -->","yoast_head_json":{"title":"Action 1 : L'intelligence collective pour r\u00e9ussir -","robots":{"index":"index","follow":"follow","max-snippet":"max-snippet:-1","max-image-preview":"max-image-preview:large","max-video-preview":"max-video-preview:-1"},"canonical":"https:\/\/ambition21.fr\/?page_id=55","og_locale":"fr_FR","og_type":"article","og_title":"Action 1 : L'intelligence collective pour r\u00e9ussir -","og_description":"Objectifs vis\u00e9s, r\u00e9sultats attendus de l&rsquo;action Moyens pr\u00e9vus et modalit\u00e9s de mise en \u0153uvre de l&rsquo;action","og_url":"https:\/\/ambition21.fr\/?page_id=55","article_modified_time":"2025-02-06T10:11:27+00:00","og_image":[{"width":2560,"height":1707,"url":"https:\/\/ambition21.fr\/wp-content\/uploads\/2024\/11\/Action-1-scaled-1.jpg","type":"image\/jpeg"}],"twitter_card":"summary_large_image","twitter_misc":{"Dur\u00e9e de lecture estim\u00e9e":"2 minutes"},"schema":{"@context":"https:\/\/schema.org","@graph":[{"@type":"WebPage","@id":"https:\/\/ambition21.fr\/?page_id=55","url":"https:\/\/ambition21.fr\/?page_id=55","name":"Action 1 : L'intelligence collective pour r\u00e9ussir -","isPartOf":{"@id":"https:\/\/ambition21.fr\/#website"},"primaryImageOfPage":{"@id":"https:\/\/ambition21.fr\/?page_id=55#primaryimage"},"image":{"@id":"https:\/\/ambition21.fr\/?page_id=55#primaryimage"},"thumbnailUrl":"https:\/\/ambition21.fr\/wp-content\/uploads\/2024\/11\/Action-1-scaled-1.jpg","datePublished":"2024-10-06T15:31:38+00:00","dateModified":"2025-02-06T10:11:27+00:00","breadcrumb":{"@id":"https:\/\/ambition21.fr\/?page_id=55#breadcrumb"},"inLanguage":"fr-FR","potentialAction":[{"@type":"ReadAction","target":["https:\/\/ambition21.fr\/?page_id=55"]}]},{"@type":"ImageObject","inLanguage":"fr-FR","@id":"https:\/\/ambition21.fr\/?page_id=55#primaryimage","url":"https:\/\/ambition21.fr\/wp-content\/uploads\/2024\/11\/Action-1-scaled-1.jpg","contentUrl":"https:\/\/ambition21.fr\/wp-content\/uploads\/2024\/11\/Action-1-scaled-1.jpg","width":2560,"height":1707},{"@type":"BreadcrumbList","@id":"https:\/\/ambition21.fr\/?page_id=55#breadcrumb","itemListElement":[{"@type":"ListItem","position":1,"name":"Accueil","item":"https:\/\/ambition21.fr\/"},{"@type":"ListItem","position":2,"name":"Action 1 : L&rsquo;intelligence collective pour r\u00e9ussir"}]},{"@type":"WebSite","@id":"https:\/\/ambition21.fr\/#website","url":"https:\/\/ambition21.fr\/","name":"Ambition 21","description":"Former tous les talents aux comp\u00e9tences du 21\u00e8me s\u00e8cle","publisher":{"@id":"https:\/\/ambition21.fr\/#organization"},"potentialAction":[{"@type":"SearchAction","target":{"@type":"EntryPoint","urlTemplate":"https:\/\/ambition21.fr\/?s={search_term_string}"},"query-input":{"@type":"PropertyValueSpecification","valueRequired":true,"valueName":"search_term_string"}}],"inLanguage":"fr-FR"},{"@type":"Organization","@id":"https:\/\/ambition21.fr\/#organization","name":"Ambition 21","url":"https:\/\/ambition21.fr\/","logo":{"@type":"ImageObject","inLanguage":"fr-FR","@id":"https:\/\/ambition21.fr\/#\/schema\/logo\/image\/","url":"https:\/\/ambition21.fr\/wp-content\/uploads\/2024\/10\/cropped-logo-site-1.png","contentUrl":"https:\/\/ambition21.fr\/wp-content\/uploads\/2024\/10\/cropped-logo-site-1.png","width":743,"height":136,"caption":"Ambition 21"},"image":{"@id":"https:\/\/ambition21.fr\/#\/schema\/logo\/image\/"}}]}},"uagb_featured_image_src":{"full":["https:\/\/ambition21.fr\/wp-content\/uploads\/2024\/11\/Action-1-scaled-1.jpg",2560,1707,false],"thumbnail":["https:\/\/ambition21.fr\/wp-content\/uploads\/2024\/11\/Action-1-scaled-1-150x150.jpg",150,150,true],"medium":["https:\/\/ambition21.fr\/wp-content\/uploads\/2024\/11\/Action-1-scaled-1-300x200.jpg",300,200,true],"medium_large":["https:\/\/ambition21.fr\/wp-content\/uploads\/2024\/11\/Action-1-scaled-1-768x512.jpg",768,512,true],"large":["https:\/\/ambition21.fr\/wp-content\/uploads\/2024\/11\/Action-1-scaled-1-1024x683.jpg",1024,683,true],"1536x1536":["https:\/\/ambition21.fr\/wp-content\/uploads\/2024\/11\/Action-1-scaled-1-1536x1024.jpg",1536,1024,true],"2048x2048":["https:\/\/ambition21.fr\/wp-content\/uploads\/2024\/11\/Action-1-scaled-1-2048x1366.jpg",2048,1366,true]},"uagb_author_info":{"display_name":"Clarisse Perquin","author_link":"https:\/\/ambition21.fr\/?author=2"},"uagb_comment_info":0,"uagb_excerpt":"Objectifs vis\u00e9s, r\u00e9sultats attendus de l&rsquo;action Moyens pr\u00e9vus et modalit\u00e9s de mise en \u0153uvre de l&rsquo;action","_links":{"self":[{"href":"https:\/\/ambition21.fr\/index.php?rest_route=\/wp\/v2\/pages\/55","targetHints":{"allow":["GET"]}}],"collection":[{"href":"https:\/\/ambition21.fr\/index.php?rest_route=\/wp\/v2\/pages"}],"about":[{"href":"https:\/\/ambition21.fr\/index.php?rest_route=\/wp\/v2\/types\/page"}],"author":[{"embeddable":true,"href":"https:\/\/ambition21.fr\/index.php?rest_route=\/wp\/v2\/users\/2"}],"replies":[{"embeddable":true,"href":"https:\/\/ambition21.fr\/index.php?rest_route=%2Fwp%2Fv2%2Fcomments&post=55"}],"version-history":[{"count":17,"href":"https:\/\/ambition21.fr\/index.php?rest_route=\/wp\/v2\/pages\/55\/revisions"}],"predecessor-version":[{"id":602,"href":"https:\/\/ambition21.fr\/index.php?rest_route=\/wp\/v2\/pages\/55\/revisions\/602"}],"wp:featuredmedia":[{"embeddable":true,"href":"https:\/\/ambition21.fr\/index.php?rest_route=\/wp\/v2\/media\/445"}],"wp:attachment":[{"href":"https:\/\/ambition21.fr\/index.php?rest_route=%2Fwp%2Fv2%2Fmedia&parent=55"}],"curies":[{"name":"wp","href":"https:\/\/api.w.org\/{rel}","templated":true}]}}